lse
Is 14425607 prime?
False
Is 1023821 composite?
False
Is 43588877 composite?
False
Is 52403557 a composite number?
False
Is 29541569 a prime number?
True
Is 572105177 a prime number?
False
Is 1433239 a composite number?
False
Is 5417681 prime?
True
Is 17617109 composite?
True
Is 19260515 a composite number?
True
Is 106406219 prime?
True
Is 5700131 composite?
False
Is 1693921 a composite number?
False
Is 77556709 composite?
True
Is 247579 composite?
False
Is 282856127 composite?
False
Is 216019707 a composite number?
True
Is 177569 a prime number?
False
Is 791843059 prime?
False
Is 233077457 a prime number?
True
Is 6914911 a composite number?
True
Is 887399 a prime number?
True
Is 3346289 composite?
True
Is 7735081 composite?
False
Is 349940539 composite?
True
Is 5351197 composite?
True
Is 12829667 a composite number?
True
Is 2478041 prime?
True
Is 72453419 a composite number?
True
Is 24876499 a composite number?
True
Is 969641 composite?
False
Is 23472727 a prime number?
True
Is 10001653 prime?
False
Is 519815 a composite number?
True
Is 182475989 prime?
True
Is 13114943 composite?
False
Is 90478487 a prime number?
False
Is 1137067 a prime number?
True
Is 449470247 prime?
True
Is 19261129 a prime number?
True
Is 40470229 prime?
True
Is 18560843 a prime number?
False
Is 3598417 a prime number?
False
Is 61826327 a composite number?
True
Is 16196519 a prime number?
True
Is 546983 composite?
True
Is 77764759 composite?
False
Is 15177283 composite?
True
Is 2895877 a prime number?
False
Is 12917083 a composite number?
False
Is 324517 composite?
False
Is 13738849 composite?
False
Is 1316899 a composite number?
False
Is 79986247 composite?
True
Is 9319547 prime?
True
Is 15208261 prime?
True
Is 255374489 a prime number?
True
Is 1640231 composite?
False
Is 25254451 a prime number?
True
Is 5653309 a prime number?
False
Is 3545233 prime?
False
Is 8182781 prime?
True
Is 6729029 a composite number?
True
Is 27520631 composite?
False
Is 97283 composite?
False
Is 4323997 a composite number?
False
Is 36703063 a composite number?
True
Is 25397227 a composite number?
True
Is 3506471 a prime number?
False
Is 12199739 a composite number?
False
Is 1162009 composite?
False
Is 2059859 a composite number?
False
Is 5781383 a prime number?
True
Is 305779 composite?
True
Is 154192483 composite?
True
Is 7872583 a composite number?
False
Is 7534327 a prime number?
True
Is 12277373 a prime number?
True
Is 1533527 composite?
False
Is 64590017 prime?
True
Is 34239979 a prime number?
False
Is 1583735191 a prime number?
True
Is 5118767 a prime number?
True
Is 8074295 a composite number?
True
Is 4483217 a prime number?
False
Is 109269283 prime?
True
Is 3475981 a composite number?
False
Is 61780559 a composite number?
False
Is 8309569 a prime number?
False
Is 3848443 prime?
False
Is 315975319 prime?
False
Is 700894465 prime?
False
Is 11778863 prime?
False
Is 2365985 composite?
True
Is 1320088733 a prime number?
False
Is 4292179 a prime number?
False
Is 26732735 composite?
True
Is 74659499 a composite number?
True
Is 56118002 prime?
False
Is 103925659 a composite number?
False
Is 14178127 prime?
True
Is 40987451 a composite number?
True
Is 4304857 a prime number?
False
Is 5416871 prime?
True
Is 31832063 composite?
False
Is 7121867 composite?
False
Is 47699759 prime?
True
Is 771427 a prime number?
True
Is 229529 composite?
False
Is 174139673 a composite number?
False
Is 13990189 prime?
False
Is 81323 prime?
False
Is 2803921 a prime number?
False
Is 11916067 a prime number?
False
Is 79037891 composite?
True
Is 1052179 prime?
True
Is 172755707 prime?
True
Is 67065521 a prime number?
False
Is 83737331 a prime number?
True
Is 6928279 a prime number?
True
Is 840407 a prime number?
False
Is 92643191 prime?
True
Is 346189 a prime number?
False
Is 112275707 prime?
False
Is 23641505 composite?
True
Is 9631913 composite?
False
Is 567823789 a prime number?
False
Is 58108651 a prime number?
True
Is 232141214 prime?
False
Is 11472269 a composite number?
False
Is 15667283 prime?
True
Is 195898529 a prime number?
True
Is 2750479 prime?
True
Is 7482595 a prime number?
False
Is 1383043 composite?
False
Is 257484323 prime?
True
Is 81399187 prime?
True
Is 18373783 a composite number?
True
Is 2323982 a composite number?
True
Is 821771 a composite number?
False
Is 58418251 composite?
True
Is 1591841 prime?
True
Is 17916137 composite?
False
Is 2396503 a composite number?
True
Is 219109117 composite?
False
Is 4288439 a composite number?
False
Is 3649531 a prime number?
True
Is 8217623 a composite number?
False
Is 1226417 a composite number?
False
Is 33095477 composite?
False
Is 35419 a composite number?
False
Is 7486597 a prime number?
False
Is 193327 composite?
False
Is 234043 composite?
False
Is 787879 composite?
False
Is 37220609 prime?
True
Is 19671473 a prime number?
False
Is 8372807 a composite number?
True
Is 6642637 composite?
False
Is 1334881 a composite number?
False
Is 325290891 a prime number?
False
Is 15885167 a prime number?
True
Is 44703731 a prime number?
True
Is 6307099 a composite number?
False
Is 530227 a prime number?
True
Is 1502323 a prime number?
True
Is 17412595 a prime number?
False
Is 2810957 a composite number?
False
Is 45065903 prime?
False
Is 7840951 composite?
True
Is 743089 prime?
True
Is 19983973 prime?
True
Is 100178891 composite?
False
Is 1493971 a prime number?
True
Is 4218103 composite?
False
Is 12786577 composite?
True
Is 6545053 prime?
True
Is 3353921 a prime number?
False
Is 41504143 composite?
True
Is 2338207 a prime number?
True
Is 458851 prime?
False
Is 986101 composite?
False
Is 95347079 a composite number?
False
Is 8515329 a prime number?
False
Is 222085961 a composite number?
False
Is 642113 prime?
True
Is 8167199 prime?
True
Is 728627 a composite number?
False
Is 78779 a composite number?
False
Is 161948177 a composite number?
True
Is 45958079 a prime number?
True
Is 17226529 a composite number?
False
Is 4059967 a composite number?
True
Is 471607 prime?
True
Is 8381123 composite?
False
Is 16898039 a composite number?
True
Is 13117769 a composite number?
True
Is 98229211 prime?
False
Is 2609807 composite?
True
Is 6541693 a composite number?
False
Is 324711107 a composite number?
True
Is 170531 a prime number?
False
Is 2279939 a composite number?
True
Is 45955138 prime?
False
Is 11056597 a prime number?
False
Is 120296441 a prime number?
False
Is 2414681 composite?
False
Is 70372763 a prime number?
False
Is 24236099 composite?
False
Is 113945633 prime?
True
Is 144188398 prime?
False
Is 1165457 a composite number?
True
Is 18469267 prime?
False
Is 81737461 a composite number?
True
Is 61872347 a composite number?
False
Is 21252167 composite?
False
Is 15758345 a composite number?
True
Is 16019387 composite?
False
Is 5972981 a composite number?
True
Is 230561 composite?
False
Is 73190711 a composite number?
True
Is 36986683 a composite number?
False
Is 28579007 a composite number?
True
Is 280757 prime?
False
Is 549983743 composite?
True
Is 25024339 composite?
True
Is 29338819 prime?
True
Is 10682678 a prime number?
False
Is 1769771 prime?
True
Is 2690767 a prime number?
True
Is 1440545 a composite number?
True
Is 34012637 a prime number?
False
Is 9733 composite?
False
Is 20042081 prime?
False
Is 26840423 composite?
False
Is 25681195 prime?
False
Is 6548569 a composite number?
True
Is 10534081 a composite number?
False
Is 1901987 a prime number?
True
Is 668141 a composite number?
False
Is 87048083 composite?
False
Is 185331899 a composite number?
False
Is 35050129 composite?
False
Is 43599641 a prime number?
True
Is 359701 a composite number?
False
Is 5627327 composite?
False
Is 10988203 a prime number?
True
Is 396146 prime?
False
Is 92658403 composite?
False
Is 15553547 composite?
False
Is 13111519 a prime number?
True
Is 11923157 composite?
False
Is 101991599 prime?
True
Is 43804463 a prime number?
False
Is 2144573 prime?
False
Is 57807493 a composite number?
False
Is 34249999 prime?
False
Is 259874429 a prime number?
True
Is 38569877 prime?
True
Is 2657003 composite?
False
Is 93343 prime?
False
Is 6581923 prime?
False
Is 12524923 a prime number?
True
Is 322511 prime?
False
Is 77146387 composite?
False
Is 53353981 a composite number?
False
Is 147121267 prime